by m?
10
Let r(y) = 30*y - 3. Let j be r(4). Calculate the remainder when j*(-2)/(-6)*1 is divided by 10.
9
Let f(d) = d**2 + 8*d + 12. Calculate the remainder when 95 is divided by f(-10).
31
Suppose z = 4*p + 3*z - 74, 5*p - 88 = 2*z. Calculate the remainder when p is divided by 7.
4
Let y(w) = -3*w + 1. Suppose 4*d - 2*d = -8. Calculate the remainder when 23 is divided by y(d).
10
Let t(q) = 2*q - 4. Let g = -2 - -5. Suppose 0 = -g*d - 3*o + 15, 0*d - 2*o - 39 = -5*d. Calculate the remainder when t(d) is divided by 4.
2
Let x(y) = 3*y**2 - 5 - 4*y - 3*y**2 + y**2. Let l be x(6). Suppose 4*w + v = 39, l*v = w + 2*v - 36. Calculate the remainder when 19 is divided by w.
8
Let p(h) = -10*h + 3. Let z be 0 + 3/(1 + -2). Calculate the remainder when p(z) is divided by 17.
16
Suppose -2*b = -15*b + 1222. What is the remainder when b is divided by 25?
19
Let l be (2 + 4/(-3))*39. Suppose -124 = -3*b + 2*s, -l = 3*b + s - 162. Suppose -24 = -4*o + b. Calculate the remainder when o is divided by 9.
8
Let k = 43 + -24. Let m = -9 - -45. What is the remainder when m is divided by k?
17
Let u = 102 - 81. Calculate the remainder when 40 is divided by u.
19
Let p(q) = -3*q**2 + 2. Let s be p(-2). Suppose 3*j = 12, -3*j + 118 - 11 = 5*v. What is the remainder when v is divided by (-99)/6*s/15?
8
Let l(x) = x**2 + 6*x + 2. Let z be (-4)/(-22) - 68/11. Let q be l(z). Calculate the remainder when 61 is divided by q/7 + (-290)/(-14).
19
Suppose -4*y = -122 - 22. What is the remainder when 142 is divided by y?
34
Let v = 32 - 19. Suppose -c - 2*c - v = 4*d, 3*d = -2*c - 9. What is the remainder when 4 is divided by d/(15/(-6) + 2)?
0
Let w(d) = -d**2 - 8*d + 7. Let z be (9/(-4))/(1/4). Let y be w(z). What is the remainder when (y/(-2) - -36) + 1 is divided by 13?
12
Let a = 1425 + -989. Suppose 8*y = 4*j + 4*y - a, -j - 4*y + 109 = 0. What is the remainder when j is divided by 28?
25
Suppose -46 - 9 = -2*i + b, b = -i + 35. Calculate the remainder when i is divided by 4.
2
Calculate the remainder when 38 is divided by (12/10)/(3/15).
2
Let u(s) = 9*s + 7. Let n(c) = c**3 - 3*c**2 - 3*c + 4. Let h be n(4). What is the remainder when u(h) is divided by 16?
15
Suppose -3*r - 4*q - 13 = -39, 3*r = 3*q + 12. Let p(l) be the first derivative of -l**2/2 + 9*l - 1. Calculate the remainder when p(-7) is divided by r.
4
Let s = -129 + 182. Suppose 3*x - 5*m = 34, -5*x + 3*m + 74 = -m. Calculate the remainder when s is divided by x.
17
Suppose 3*q + 8 = -q. Let h be 0*((-6)/(-9))/q. Suppose h = y - 4*y + 30. What is the remainder when 19 is divided by y?
9
Let p(t) = 6*t**2 - 8*t - 1 - 4*t**3 + 2*t**3 + t**3 + 2*t**3. Calculate the remainder when 16 is divided by p(-7).
4
Suppose -5*r + 2*n = -10, -5 = -4*r + 3*n - 4. Suppose -6 = -r*h + 206. What is the remainder when h is divided by 14?
11
Let a = 113 + -46. What is the remainder when a is divided by 19?
10
Suppose 3*y = -5*q + 59, 4*q - 6 = 10. Calculate the remainder when 74 is divided by y.
9
Suppose 3*i = i + 32. Suppose 2*s = 6*s - i. Calculate the remainder when (-1)/(-4) + 19/s is divided by 2.
1
Let v(x) = -13*x**2 + 3*x**2 + 10*x + 3*x**2 + 6*x**2 - 1. Let k(g) = 3*g**2 + 3*g + 2. What is the remainder when v(8) is divided by k(-2)?
7
Let d = 1 + 0. What is the remainder when d - 0 - (1 - 44) is divided by (-3)/((8/10)/(-4))?
14
Suppose y = -3*g - 3*y + 63, -g = -5*y - 21. What is the remainder when g is divided by 8?
5
Suppose -4 = -2*j + 4. Calculate the remainder when 14 is divided by j.
2
Let p(r) be the second derivative of r**4/6 + 7*r**3/6 + 3*r**2 + 5*r. What is the remainder when 17 is divided by p(-4)?
7
Suppose -5*w + 280 = -0*w + 5*q, -3*w = 2*q - 171. What is the remainder when w is divided by 20?
19
Suppose b = -4*q - 1, -3*b = b - 5*q - 38. Suppose 4*n = 8*n - 80. Calculate the remainder when n is divided by b.
6
Suppose -4*g + 11 = -5*y, 5*y + 17 = -5*g + 3*g. Let t = g - -51. Calculate the remainder when t is divided by 17.
16
Suppose -3*q = i - 114, -3*q - 76 = -5*q - 3*i. Calculate the remainder when 149 is divided by q.
35
Suppose 4*p + 6*c + 4 = 2*c, 2*p - c = 10. Calculate the remainder when (-73)/(-1) - p/1 is divided by 24.
22
Suppose -4*f = -l + f - 14, f = -4*l + 49. Suppose 0 = o - 3*o + 2*u + 50, 0 = -o - 2*u + 13. Calculate the remainder when o is divided by l.
10
Suppose -o = o - 154. Suppose -5*m - o = 113. Let w = m - -66. What is the remainder when w is divided by 15?
13
Suppose 0 = -0*h - 2*h + 8. Let w be 2/1*(-6)/h. What is the remainder when 4 is divided by (1 + w - 4)/(-2)?
1
Suppose -2*i = 2*m + 2, -3*i + i = 5*m + 17. Suppose -5*l = -4*o + 140, o - 35 = i*l + l. Let h = 45 + -27. Calculate the remainder when o is divided by h.
17
Let b(z) = 4*z**2 + 5*z - 7. What is the remainder when 158/3 + 4/12 is divided by b(-3)?
11
Suppose 0*v + 3*v = -5*c + 265, 51 = c + v. Suppose -5*t + 18 = 2*s, -4*s + 0*t - 5*t + c = 0. Let n = -2 + s. What is the remainder when 32 is divided by n?
15
Let k(x) = -4*x**2 + 2*x - 1. Let t be k(1). Let m(a) = -2*a**3 - 3*a**2 + 4*a. Suppose -2*u - 28 = -3*u. Calculate the remainder when u is divided by m(t).
13
Let z(u) = 2*u - 1. Let o be z(1). What is the remainder when 111/(4 - o)*1 is divided by 8?
5
Let n(z) = z**2 - 6*z - 2. Calculate the remainder when n(7) is divided by -1 + -2 - (-1 - 6).
1
Let c be (0 + (-42)/(-4))*4. Suppose -2*o + 4*o - c = 0. Calculate the remainder when 61 is divided by o.
19
Suppose 3*n - 5*p - 28 = -4, 4*p + 12 = 0. Suppose -3*k - 2*k + 29 = 4*x, 0 = k + n. Calculate the remainder when x is divided by 4.
3
Suppose 0 = -6*c + 19 + 5. Suppose 3*x = 245 + 151. Suppose -c*m + x = -m. What is the remainder when m is divided by 23?
21
Let d = -36 - -59. Let l = -16 + d. Calculate the remainder when 26 is divided by l.
5
Suppose -4*y = 5*g - 243, -2*y + 87 = -y - 4*g. Calculate the remainder when y is divided by 17.
16
Suppose -2*d + 58 = -2*b, 5*d - 123 = 4*b + 19. What is the remainder when 100 is divided by d?
22
Let i(l) = l**3 + 9*l**2 - 11*l + 12. Let z be 19/(-2) + 7/(-14). Calculate the remainder when i(z) is divided by 8.
6
Let p = -11 + 1. Let g = 6 - p. Calculate the remainder when g is divided by 6.
4
Let h(g) = -g + 4. Let w be h(9). Let f(n) = n**3 + 6*n**2 + 6*n + 6. Let q be f(w). Calculate the remainder when (-34 - q)*(-2 - -1) is divided by 12.
11
Suppose 5*v - 93 = 3*m, 0*m = -2*m + 8. Calculate the remainder when 58 is divided by v.
16
Suppose -3*v + 56 = 2. Suppose -5*p + 170 = -2*s, -p - 4*s - 170 = -6*p. What is the remainder when p is divided by v?
16
Let w = 4 - 8. Let b be -1*2/w*0. Suppose b = v - 6*v - k + 67, 2*v + k - 28 = 0. What is the remainder when 25 is divided by v?
12
Suppose 2*o - 52 = -3*p, 4*o + 21 = 3*p - 55. Suppose 3*k + 2*k = 3*f + p, k = 2*f - 3. Calculate the remainder when 123/9 + (-4)/6 is divided by k.
6
Let n(m) = -2*m**3 - 2*m**2 + 2*m + 4. Let k be n(-3). Suppose 0 = -3*g + 47 + k. Calculate the remainder when g is divided by 10.
7
Suppose -18*k = -17*k - 14. What is the remainder when 41 is divided by k?
13
Suppose 0 = 2*n - 0*n - 82. What is the remainder when n is divided by 4/(-14) + 79/7?
8
Let a(m) = m**2 - 5*m + 3. Let u be a(3). Calculate the remainder when 26 is divided by u/(0 - 3/15).
11
Let j(u) = -1 - 9*u + u + 0 - 2*u. Let w = 5 - -11. Calculate the remainder when w is divided by j(-1).
7
Let m = 560 + -557. Let t = -16 + 26. What is the remainder when t is divided by m?
1
Suppose 0 = -4*l - 23 - 9. Let y = l + 5. Let p(z) = -4*z + 1. Calculate the remainder when 36 is divided by p(y).
10
Let d(o) = o + 3. Let m be d(-9). Let n = -4 - m. What is the remainder when 4 is divided by n?
0
Let f(j) = 2*j**3 + 0*j + 7*j**2 - 2*j - 3 - 3*j**3. Suppose 0*v - 11 = -v. What is the remainder when f(6) is divided by v?
10
Let d(u) = u**3 + 6*u**2 + 7*u - 5. Let b be d(-6). Let k = -27 - b. Calculate the remainder when k is divided by 7.
6
Suppose 6 + 2 = 3*t - d, 4 = 3*t - 5*d. Suppose 1 = q - 6. Calculate the remainder when q is divided by t.
1
Suppose 3*d - 5*o + 19 + 12 = 0, 5*d + 2*o + 31 = 0. Suppose 0 = 4*b + 10 + 2, 59 = 2*s + b. What is the remainder when s is divided by (-2 - d/3)*33?
9
Suppose 0 = d - 0*d - 24. Suppose -2*a + d = -24. Suppose -2*p + 22 